{"id":987511944,"date":"2023-08-30T23:25:09","date_gmt":"2023-08-30T22:25:09","guid":{"rendered":"https:\/\/divikeys.com\/?page_id=987511944"},"modified":"2024-06-05T02:33:47","modified_gmt":"2024-06-05T01:33:47","slug":"listing-traditional","status":"publish","type":"page","link":"https:\/\/divikeys.com\/index.php\/listing-traditional\/","title":{"rendered":"Crowdlending"},"content":{"rendered":"<p>[et_pb_section fb_built=&#8221;1&#8243; _builder_version=&#8221;4.22.1&#8243; _module_preset=&#8221;default&#8221; background_image=&#8221;http:\/\/divikeys.com\/wp-content\/uploads\/2023\/08\/fond-listing.png&#8221; background_enable_video_mp4=&#8221;off&#8221; width=&#8221;100%&#8221; max_width=&#8221;100%&#8221; height=&#8221;100%&#8221; max_height=&#8221;100%&#8221; global_colors_info=&#8221;{}&#8221;][et_pb_row use_custom_gutter=&#8221;on&#8221; gutter_width=&#8221;1&#8243; make_equal=&#8221;on&#8221; _builder_version=&#8221;4.22.1&#8243; _module_preset=&#8221;default&#8221; background_color=&#8221;rgba(255,255,255,0.61)&#8221; use_background_color_gradient=&#8221;on&#8221; background_color_gradient_stops=&#8221;rgba(224,153,0,0.16) 0%|rgba(11,188,182,0.46) 100%&#8221; width=&#8221;100%&#8221; max_width=&#8221;100%&#8221; min_height=&#8221;100%&#8221; height=&#8221;100%&#8221; max_height=&#8221;100%&#8221; custom_margin=&#8221;-55px||-55px||false|false&#8221; custom_margin_tablet=&#8221;-55px||-55px||false|false&#8221; custom_margin_phone=&#8221;-55px||-55px||false|false&#8221; custom_margin_last_edited=&#8221;on|desktop&#8221; global_colors_info=&#8221;{}&#8221;][et_pb_column type=&#8221;4_4&#8243; _builder_version=&#8221;4.22.0&#8243; _module_preset=&#8221;default&#8221; global_colors_info=&#8221;{}&#8221;][et_pb_text _builder_version=&#8221;4.25.1&#8243; header_font=&#8221;Lato|700||||on|||&#8221; header_text_color=&#8221;#032175&#8243; header_font_size=&#8221;75px&#8221; background_color=&#8221;rgba(0,0,0,0)&#8221; max_width=&#8221;76.6%&#8221; max_width_tablet=&#8221;76.6%&#8221; max_width_phone=&#8221;76.6%&#8221; max_width_last_edited=&#8221;on|phone&#8221; min_height=&#8221;273px&#8221; custom_margin=&#8221;86px|165px|86px||true|false&#8221; custom_margin_tablet=&#8221;86px|165px|86px||true|false&#8221; custom_margin_phone=&#8221;86px|121px|86px||true|false&#8221; custom_margin_last_edited=&#8221;on|phone&#8221; custom_padding=&#8221;90px|0px||112px|false|false&#8221; custom_padding_tablet=&#8221;90px|0px||112px|false|false&#8221; custom_padding_phone=&#8221;90px|0px||112px|false|false&#8221; custom_padding_last_edited=&#8221;on|phone&#8221; animation_style=&#8221;fade&#8221; animation_delay=&#8221;50ms&#8221; animation_starting_opacity=&#8221;2%&#8221; header_text_color_tablet=&#8221;#032175&#8243; header_text_color_phone=&#8221;#032175&#8243; header_text_color_last_edited=&#8221;on|desktop&#8221; header_font_size_tablet=&#8221;75px&#8221; header_font_size_phone=&#8221;27px&#8221; header_font_size_last_edited=&#8221;on|phone&#8221; global_colors_info=&#8221;{}&#8221; custom_margin__hover_enabled=&#8221;on|desktop&#8221; custom_margin__hover=&#8221;86px|165px|86px||true|false&#8221;]<\/p>\n<h1>Crowdlending<\/h1>\n<p>[\/et_pb_text][\/et_pb_column][\/et_pb_row][\/et_pb_section][et_pb_section fb_built=&#8221;1&#8243; admin_label=&#8221;Hero section&#8221; _builder_version=&#8221;4.22.0&#8243; background_enable_color=&#8221;off&#8221; background_enable_image=&#8221;off&#8221; parallax=&#8221;on&#8221; background_enable_video_mp4=&#8221;off&#8221; custom_margin=&#8221;|||&#8221; custom_padding=&#8221;0%||1.6%|||&#8221; bottom_divider_color=&#8221;#f4f4f4&#8243; bottom_divider_height=&#8221;244px&#8221; global_colors_info=&#8221;{}&#8221;][et_pb_row _builder_version=&#8221;4.22.1&#8243; global_colors_info=&#8221;{}&#8221;][et_pb_column type=&#8221;4_4&#8243; _builder_version=&#8221;4.16&#8243; global_colors_info=&#8221;{}&#8221;][et_pb_text _builder_version=&#8221;4.25.1&#8243; text_font=&#8221;Lato|||||on|||&#8221; text_text_color=&#8221;#032175&#8243; text_font_size=&#8221;18px&#8221; text_line_height=&#8221;1.8em&#8221; header_font=&#8221;|800||||on|||&#8221; header_text_color=&#8221;#032175&#8243; header_font_size=&#8221;32px&#8221; header_2_font=&#8221;Lato|700||||on|||&#8221; header_2_text_color=&#8221;#032175&#8243; header_3_font=&#8221;Lato|700||||on|||&#8221; header_3_text_color=&#8221;#032175&#8243; header_3_font_size=&#8221;23px&#8221; custom_margin=&#8221;||1px|||&#8221; custom_padding=&#8221;||17px|||&#8221; global_colors_info=&#8221;{}&#8221;]<\/p>\n<h1>Crowdlending : Investissez dans des projets rentables<\/h1>\n<p>&nbsp;<\/p>\n<p>Chez Divikeys, nous vous proposons d&#8217;investir dans le financement de projets entrepreneuriaux ou immobiliers via le crowdlending. Cette forme innovante de pr\u00eat participatif vous permet de devenir pr\u00eateur et de percevoir des int\u00e9r\u00eats attractifs.<\/p>\n<p><strong>Le crowdlending, qu&#8217;est-ce que c&#8217;est ?<\/strong><\/p>\n<p>Le crowdlending (ou pr\u00eat participatif) permet \u00e0 des particuliers de pr\u00eater directement de l&#8217;argent \u00e0 des entreprises ou des porteurs de projets, en contrepartie d&#8217;un remboursement avec int\u00e9r\u00eats. Vous constituez ainsi un portefeuille de pr\u00eats r\u00e9mun\u00e9rateurs.<\/p>\n<p>Les avantages pour les investisseurs :<br \/>&#8211; Des taux d&#8217;int\u00e9r\u00eat g\u00e9n\u00e9ralement plus \u00e9lev\u00e9s que l&#8217;\u00e9pargne classique<br \/>&#8211; Un acc\u00e8s simplifi\u00e9 au financement de projets vari\u00e9s et rentables <br \/>&#8211; La possibilit\u00e9 de diversifier vos placements<br \/>&#8211; Un processus 100% en ligne, s\u00e9curis\u00e9 et transparent<\/p>\n<p><strong>Comment \u00e7a marche ?<\/strong><\/p>\n<p>1. S\u00e9lection rigoureuse des projets<br \/>Nos experts analysent et valident les dossiers des emprunteurs potentiels selon des crit\u00e8res stricts : \u00e9tude de march\u00e9, plan d&#8217;affaires, garanties propos\u00e9es, etc.<\/p>\n<p>2. Pr\u00e9sentation d\u00e9taill\u00e9e des opportunit\u00e9s<br \/>Pour chaque projet retenu, vous acc\u00e9dez \u00e0 un dossier complet : montant recherch\u00e9, dur\u00e9e, taux d&#8217;int\u00e9r\u00eat propos\u00e9, remboursement pr\u00e9vu, etc.<\/p>\n<p>3. Souscription en quelques clics<br \/>Vous choisissez les projets qui vous int\u00e9ressent et le montant que vous souhaitez pr\u00eater. Votre argent est ensuite bloqu\u00e9 sur un compte s\u00e9questre.<\/p>\n<p>4. Suivi et remboursement<br \/>Vous serez rembours\u00e9s mensuellement ou trimestriellement selon le projet, avec les int\u00e9r\u00eats pr\u00e9vus. Un espace vous permet de suivre l&#8217;avanc\u00e9e des remboursements.<\/p>\n<p><strong>Quels types de projets ?<\/strong><\/p>\n<p>Nous s\u00e9lectionnons des projets entrepreneuriaux dans divers secteurs comme l&#8217;immobilier, les \u00e9nergies, l&#8217;agriculture, les services \u00e0 la personne, etc.<br \/>Nous veillons \u00e0 ce que chaque projet dispose d&#8217;un plan de financement solide et soit en phase avec les besoins \u00e9conomiques du territoire.<\/p>\n<p>Investisseur prudent ou d\u00e9sireux de diversifier vos placements ? Nos conseillers se tiennent \u00e0 votre disposition pour vous guider dans le crowdlending.<\/p>\n<p>[\/et_pb_text][et_pb_button button_text=&#8221;Investissez maintenant&#8221; _builder_version=&#8221;4.25.1&#8243; _module_preset=&#8221;default&#8221; custom_button=&#8221;on&#8221; button_text_color=&#8221;#032175&#8243; button_border_color=&#8221;RGBA(255,255,255,0)&#8221; button_icon=&#8221;&#x24;||divi||400&#8243; button_on_hover=&#8221;off&#8221; box_shadow_style=&#8221;preset3&#8243; box_shadow_blur=&#8221;0px&#8221; box_shadow_spread=&#8221;-10px&#8221; box_shadow_color=&#8221;#032175&#8243; global_colors_info=&#8221;{}&#8221;][\/et_pb_button][\/et_pb_column][\/et_pb_row][\/et_pb_section][et_pb_section fb_built=&#8221;1&#8243; admin_label=&#8221;How It Works&#8221; module_class=&#8221;has-transform&#8221; _builder_version=&#8221;4.22.0&#8243; background_color=&#8221;#f8f8f8&#8243; transform_scale_linked=&#8221;off&#8221; transform_translate=&#8221;0px|100%&#8221; transform_translate_linked=&#8221;off&#8221; positioning=&#8221;fixed&#8221; position_origin_f=&#8221;bottom_left&#8221; z_index=&#8221;13&#8243; height_last_edited=&#8221;off|phone&#8221; custom_padding=&#8221;0px||||false|false&#8221; overflow-x_tablet=&#8221;scroll&#8221; overflow-x_last_edited=&#8221;off|desktop&#8221; overflow-y_tablet=&#8221;&#8221; overflow-y_phone=&#8221;&#8221; overflow-y_last_edited=&#8221;on|tablet&#8221; global_colors_info=&#8221;{}&#8221;][et_pb_row _builder_version=&#8221;4.22.0&#8243; position_origin_f=&#8221;top_center&#8221; custom_padding=&#8221;0px||0px||false|false&#8221; global_colors_info=&#8221;{}&#8221;][et_pb_column type=&#8221;4_4&#8243; _builder_version=&#8221;4.22.0&#8243; custom_padding=&#8221;||50px||false|false&#8221; global_colors_info=&#8221;{}&#8221;][et_pb_blurb use_icon=&#8221;on&#8221; font_icon=&#8221;&#x25;||divi||400&#8243; icon_color=&#8221;#ffffff&#8221; image_icon_background_color=&#8221;#032175&#8243; image_icon_width=&#8221;17px&#8221; module_class=&#8221;drawer-target&#8221; _builder_version=&#8221;4.22.0&#8243; body_font=&#8221;||||||||&#8221; background_color=&#8221;#032175&#8243; image_icon_custom_padding=&#8221;25px|25px|25px|25px|false|false&#8221; transform_scale_last_edited=&#8221;off|desktop&#8221; transform_translate=&#8221;-50%|-250%&#8221; transform_translate_last_edited=&#8221;off|desktop&#8221; transform_translate_linked=&#8221;off&#8221; transform_rotate=&#8221;0deg|0deg|45deg&#8221; transform_rotate_last_edited=&#8221;off|desktop&#8221; transform_skew_last_edited=&#8221;off|desktop&#8221; transform_origin_last_edited=&#8221;off|desktop&#8221; transform_styles_last_edited=&#8221;off|desktop&#8221; positioning=&#8221;absolute&#8221; position_origin_a=&#8221;top_center&#8221; vertical_offset=&#8221;0px&#8221; width=&#8221;30px&#8221; height=&#8221;30px&#8221; animation=&#8221;off&#8221; border_radii_image=&#8221;on|100%|100%|100%|100%&#8221; icon_font_size=&#8221;17px&#8221; use_circle=&#8221;on&#8221; circle_color=&#8221;#081540&#8243; global_colors_info=&#8221;{}&#8221; transform_styles__hover_enabled=&#8221;off|hover&#8221; transform_scale__hover_enabled=&#8221;off|hover&#8221; transform_translate__hover_enabled=&#8221;off|hover&#8221; transform_rotate__hover_enabled=&#8221;off|hover&#8221; transform_skew__hover_enabled=&#8221;off|hover&#8221; transform_origin__hover_enabled=&#8221;off|hover&#8221; transform_rotate__hover=&#8221;0deg|0deg|45deg&#8221; image_icon_background_color__sticky_enabled=&#8221;#2ea3f2&#8243; image_icon_background_color__sticky=&#8221;#2ea3f2&#8243;][\/et_pb_blurb][et_pb_code raw_content_tablet=&#8221;&#8221; raw_content_phone=&#8221;&#8221; raw_content_last_edited=&#8221;on|phone&#8221; _builder_version=&#8221;4.22.0&#8243; global_colors_info=&#8221;{}&#8221;]<\/p>\n<style><!-- [et_pb_line_break_holder] -->  .has-transform, .drawer-target {<!-- [et_pb_line_break_holder] -->    transition: all 400ms ease-in-out;<!-- [et_pb_line_break_holder] -->  } <!-- [et_pb_line_break_holder] -->  .toggle-drawer-animation {<!-- [et_pb_line_break_holder] -->    transform: none !important;<!-- [et_pb_line_break_holder] -->  }<!-- [et_pb_line_break_holder] -->  .toggle-icon-animation {<!-- [et_pb_line_break_holder] -->    transform: rotate(-135deg) !important;<!-- [et_pb_line_break_holder] -->  }  <!-- [et_pb_line_break_holder] -->  .drawer-target {<!-- [et_pb_line_break_holder] -->    cursor: pointer;<!-- [et_pb_line_break_holder] -->  }<!-- [et_pb_line_break_holder] --><!-- [et_pb_line_break_holder] --><\/style>\n<p><!-- [et_pb_line_break_holder] --><!-- [et_pb_line_break_holder] --><script><!-- [et_pb_line_break_holder] -->(function($) {<!-- [et_pb_line_break_holder] -->  $(document).ready(function(){<!-- [et_pb_line_break_holder] -->    $('.drawer-target').click(function(){<!-- [et_pb_line_break_holder] -->      $(this).toggleClass('toggle-icon-animation');      <!-- [et_pb_line_break_holder] -->      $('.has-transform').toggleClass('toggle-drawer-animation');   <!-- [et_pb_line_break_holder] -->    });    <!-- [et_pb_line_break_holder] -->  });<!-- [et_pb_line_break_holder] -->})( jQuery );   <!-- [et_pb_line_break_holder] --><\/script>[\/et_pb_code][\/et_pb_column][\/et_pb_row][et_pb_row _builder_version=&#8221;4.16&#8243; locked=&#8221;off&#8221; global_colors_info=&#8221;{}&#8221;][et_pb_column type=&#8221;4_4&#8243; _builder_version=&#8221;4.16&#8243; global_colors_info=&#8221;{}&#8221;][et_pb_text _builder_version=&#8221;4.22.0&#8243; text_font=&#8221;Lato|||||on|||&#8221; text_font_size=&#8221;20px&#8221; header_2_font=&#8221;Lato|700||||on|||&#8221; header_2_text_align=&#8221;center&#8221; header_2_text_color=&#8221;#032175&#8243; header_2_font_size=&#8221;45px&#8221; header_2_line_height=&#8221;1.2em&#8221; text_orientation=&#8221;center&#8221; max_width=&#8221;700px&#8221; module_alignment=&#8221;center&#8221; header_2_font_size_tablet=&#8221;35px&#8221; header_2_font_size_phone=&#8221;25px&#8221; header_2_font_size_last_edited=&#8221;on|desktop&#8221; locked=&#8221;off&#8221; global_colors_info=&#8221;{}&#8221; header_2_2_font_size_tablet=&#8221;36px&#8221; header_3_2_font_size_tablet=&#8221;36px&#8221; header_4_2_font_size_tablet=&#8221;36px&#8221; header_5_2_font_size_tablet=&#8221;36px&#8221; header_6_2_font_size_tablet=&#8221;36px&#8221; header_2_2_font_size_phone=&#8221;24px&#8221; header_3_2_font_size_phone=&#8221;24px&#8221; header_4_2_font_size_phone=&#8221;24px&#8221; header_5_2_font_size_phone=&#8221;24px&#8221; header_6_2_font_size_phone=&#8221;24px&#8221; header_2_2_font_size_last_edited=&#8221;on|phone&#8221; header_3_2_font_size_last_edited=&#8221;on|phone&#8221; header_4_2_font_size_last_edited=&#8221;on|phone&#8221; header_5_2_font_size_last_edited=&#8221;on|phone&#8221; header_6_2_font_size_last_edited=&#8221;on|phone&#8221;]<\/p>\n<h2>Be the first to know about new opportunities and latest listing.<\/h2>\n<p>[\/et_pb_text][\/et_pb_column][\/et_pb_row][et_pb_row _builder_version=&#8221;4.22.0&#8243; global_colors_info=&#8221;{}&#8221;][et_pb_column type=&#8221;4_4&#8243; _builder_version=&#8221;4.22.0&#8243; global_colors_info=&#8221;{}&#8221;][et_pb_button button_url=&#8221;@ET-DC@eyJkeW5hbWljIjp0cnVlLCJjb250ZW50IjoicG9zdF9saW5rX3VybF9wYWdlIiwic2V0dGluZ3MiOnsicG9zdF9pZCI6IjM0In19@&#8221; button_text=&#8221;Contact us&#8221; button_alignment=&#8221;center&#8221; _builder_version=&#8221;4.22.0&#8243; _dynamic_attributes=&#8221;button_url&#8221; _module_preset=&#8221;default&#8221; custom_button=&#8221;on&#8221; button_text_color=&#8221;#FFFFFF&#8221; button_bg_color=&#8221;#032175&#8243; button_border_width=&#8221;0px&#8221; button_border_radius=&#8221;0px&#8221; global_colors_info=&#8221;{}&#8221;][\/et_pb_button][\/et_pb_column][\/et_pb_row][\/et_pb_section]<\/p>\n","protected":false},"excerpt":{"rendered":"<p>CrowdlendingCrowdlending : Investissez dans des projets rentables &nbsp; Chez Divikeys, nous vous proposons d&#8217;investir dans le financement de projets entrepreneuriaux ou immobiliers via le crowdlending. Cette forme innovante de pr\u00eat participatif vous permet de devenir pr\u00eateur et de percevoir des int\u00e9r\u00eats attractifs. Le crowdlending, qu&#8217;est-ce que c&#8217;est ? Le crowdlending (ou pr\u00eat participatif) permet \u00e0 [&hellip;]<\/p>\n","protected":false},"author":1,"featured_media":0,"parent":0,"menu_order":0,"comment_status":"closed","ping_status":"closed","template":"","meta":{"_et_pb_use_builder":"on","_et_pb_old_content":"","_et_gb_content_width":"","_monsterinsights_skip_tracking":false,"_monsterinsights_sitenote_active":false,"_monsterinsights_sitenote_note":"","_monsterinsights_sitenote_category":0,"_uf_show_specific_survey":0,"_uf_disable_surveys":false,"footnotes":""},"class_list":["post-987511944","page","type-page","status-publish","hentry"],"aioseo_notices":[],"_links":{"self":[{"href":"https:\/\/divikeys.com\/index.php\/wp-json\/wp\/v2\/pages\/987511944"}],"collection":[{"href":"https:\/\/divikeys.com\/index.php\/wp-json\/wp\/v2\/pages"}],"about":[{"href":"https:\/\/divikeys.com\/index.php\/wp-json\/wp\/v2\/types\/page"}],"author":[{"embeddable":true,"href":"https:\/\/divikeys.com\/index.php\/wp-json\/wp\/v2\/users\/1"}],"replies":[{"embeddable":true,"href":"https:\/\/divikeys.com\/index.php\/wp-json\/wp\/v2\/comments?post=987511944"}],"version-history":[{"count":5,"href":"https:\/\/divikeys.com\/index.php\/wp-json\/wp\/v2\/pages\/987511944\/revisions"}],"predecessor-version":[{"id":987512404,"href":"https:\/\/divikeys.com\/index.php\/wp-json\/wp\/v2\/pages\/987511944\/revisions\/987512404"}],"wp:attachment":[{"href":"https:\/\/divikeys.com\/index.php\/wp-json\/wp\/v2\/media?parent=987511944"}],"curies":[{"name":"wp","href":"https:\/\/api.w.org\/{rel}","templated":true}]}}