{"id":987511953,"date":"2024-06-05T01:56:24","date_gmt":"2024-06-05T00:56:24","guid":{"rendered":"https:\/\/divikeys.com\/?page_id=987511953"},"modified":"2024-07-30T06:11:55","modified_gmt":"2024-07-30T05:11:55","slug":"investir","status":"publish","type":"page","link":"https:\/\/divikeys.com\/index.php\/investir\/","title":{"rendered":"Investir"},"content":{"rendered":"<p>[et_pb_section fb_built=&#8221;1&#8243; _builder_version=&#8221;4.25.1&#8243; _module_preset=&#8221;default&#8221; custom_padding=&#8221;||13px|||&#8221; global_colors_info=&#8221;{}&#8221;][\/et_pb_section][et_pb_section fb_built=&#8221;1&#8243; fullwidth=&#8221;on&#8221; theme_builder_area=&#8221;post_content&#8221; _builder_version=&#8221;4.27.0&#8243; _module_preset=&#8221;default&#8221; hover_enabled=&#8221;0&#8243; sticky_enabled=&#8221;0&#8243;][et_pb_fullwidth_image src=&#8221;http:\/\/divikeys.com\/wp-content\/uploads\/2024\/07\/architecture-1541086_1280.jpg&#8221; _builder_version=&#8221;4.27.0&#8243; _module_preset=&#8221;default&#8221; theme_builder_area=&#8221;post_content&#8221; title_text=&#8221;architecture-1541086_1280&#8243; hover_enabled=&#8221;0&#8243; sticky_enabled=&#8221;0&#8243;][\/et_pb_fullwidth_image][\/et_pb_section][et_pb_section fb_built=&#8221;1&#8243; _builder_version=&#8221;4.25.1&#8243; _module_preset=&#8221;default&#8221; custom_margin=&#8221;50px||||false|false&#8221; custom_padding=&#8221;12px|||||&#8221; global_colors_info=&#8221;{}&#8221;][et_pb_row _builder_version=&#8221;4.25.1&#8243; _module_preset=&#8221;default&#8221; global_colors_info=&#8221;{}&#8221;][et_pb_column type=&#8221;4_4&#8243; _builder_version=&#8221;4.25.1&#8243; _module_preset=&#8221;default&#8221; global_colors_info=&#8221;{}&#8221;][et_pb_text _builder_version=&#8221;4.27.0&#8243; _module_preset=&#8221;default&#8221; header_font=&#8221;Lato|900||on|||||&#8221; header_text_color=&#8221;#032175&#8243; global_colors_info=&#8221;{}&#8221;]<\/p>\n<h1>INVESTIR AVEC DIVIKEYS<\/h1>\n<p>[\/et_pb_text][et_pb_text _builder_version=&#8221;4.27.0&#8243; _module_preset=&#8221;default&#8221; header_3_font=&#8221;Lato|700||on|||||&#8221; header_3_text_color=&#8221;#032175&#8243; header_4_font=&#8221;Lato|700|||||||&#8221; header_4_text_color=&#8221;#032175&#8243; header_5_font=&#8221;Lato|700|||||||&#8221; header_5_text_color=&#8221;#032175&#8243; header_5_line_height=&#8221;1.5em&#8221; global_colors_info=&#8221;{}&#8221;]<\/p>\n<h3><\/h3>\n<h3>Investir avec Divikeys<\/h3>\n<p>&nbsp;<\/p>\n<h5>Investir avec Divikeys, c&#8217;est participer \u00e0 un mod\u00e8le novateur de financement participatif aux Antilles, con\u00e7u pour maximiser les opportunit\u00e9s tout en r\u00e9duisant les risques. Voici pourquoi et comment vous devriez envisager de nous rejoindre.<\/h5>\n<p>&nbsp;<\/p>\n<h4>Pourquoi investir avec nous ?<\/h4>\n<p>&nbsp;<\/p>\n<h5><strong><span style=\"color: #333333; font-size: 18px;\">1.Impact positif et performance financi\u00e8re<\/span><\/strong><\/h5>\n<p><span style=\"color: #333333; font-size: 18px;\"><\/span><\/p>\n<p>Investir avec Divikeys, c\u2019est non seulement soutenir des projets locaux cr\u00e9ateurs d\u2019emplois et de d\u00e9veloppement \u00e9conomique, mais aussi b\u00e9n\u00e9ficier d\u2019un rendement attractif. Nos projets, soigneusement s\u00e9lectionn\u00e9s, visent \u00e0 dynamiser l\u2019\u00e9conomie antillaise tout en offrant une alternative solide aux placements traditionnels.<\/p>\n<p>&nbsp;<\/p>\n<h5><span style=\"color: #333333; font-size: 18px;\">2.S\u00e9lection rigoureuse et transparence<\/span><\/h5>\n<p>Chaque projet est soumis \u00e0 une analyse approfondie par notre \u00e9quipe d&#8217;experts compos\u00e9e de financiers, d&#8217;avocats, d&#8217;architectes et de programmeurs. Nous nous assurons que toutes les op\u00e9rations sont transparentes et conformes aux r\u00e9gulations en vigueur, vous permettant de prendre des d\u00e9cisions \u00e9clair\u00e9es et en toute confiance.<\/p>\n<p>&nbsp;<\/p>\n<h5><strong><span style=\"font-size: 14px;\">3.Diversification et gestion des risques<\/span><\/strong><\/h5>\n<p>La diversification est essentielle pour g\u00e9rer efficacement les risques. Avec Divikeys, vous pouvez investir dans une vari\u00e9t\u00e9 de projets allant de l\u2019immobilier aux PME locales. Nous offrons des outils d\u2019analyse et des conseils pour vous aider \u00e0 r\u00e9partir vos investissements de mani\u00e8re optimale, en minimisant les risques et en maximisant les rendements.<\/p>\n<p>&nbsp;<\/p>\n<h5>4.<span style=\"font-size: 14px;\">Accompagnement et \u00e9ducation<\/span><\/h5>\n<p>Nous croyons fermement que vous devez comprendre o\u00f9 vous investissez. C\u2019est pourquoi nous mettons \u00e0 votre disposition des ressources \u00e9ducatives, des webinaires et un centre d\u2019aide complet. Notre \u00e9quipe est \u00e9galement disponible pour r\u00e9pondre \u00e0 toutes vos questions et vous accompagner tout au long de votre parcours d&#8217;investissement.<\/p>\n<p>&nbsp;<\/p>\n<h4>Comment investir avec Divikeys ?<\/h4>\n<h5>1.Ouvrir un compte<\/h5>\n<p>L\u2019ouverture de votre compte sur notre plateforme est simple et rapide. Inscrivez-vous en ligne, compl\u00e9tez votre profil et suivez les \u00e9tapes de v\u00e9rification n\u00e9cessaires pour garantir la s\u00e9curit\u00e9 de vos informations.<\/p>\n<h5><span style=\"font-size: 14px;\">2.Choisir un projet<\/span><\/h5>\n<p>Explorez les projets disponibles sur notre plateforme. Chaque projet est pr\u00e9sent\u00e9 avec des informations d\u00e9taill\u00e9es sur l\u2019objectif, le montant n\u00e9cessaire, le taux de rendement attendu et la dur\u00e9e de l\u2019investissement. Vous pouvez ainsi choisir les projets qui correspondent le mieux \u00e0 vos objectifs financiers et \u00e0 votre profil de risque.<\/p>\n<h5>3.<span style=\"font-size: 14px;\">Investir<\/span><\/h5>\n<p>Une fois votre projet s\u00e9lectionn\u00e9, vous pouvez investir directement via notre plateforme en quelques clics. Nous nous occupons de toutes les d\u00e9marches administratives et vous tenons inform\u00e9s de l\u2019avancement des projets en temps r\u00e9el.<\/p>\n<h5>4.<span style=\"font-size: 14px;\">Suivi et gestion<\/span><\/h5>\n<p>Suivez la performance de vos investissements via votre tableau de bord personnalis\u00e9. Vous pouvez voir les rendements g\u00e9n\u00e9r\u00e9s, les remboursements effectu\u00e9s et rester inform\u00e9 de l\u2019\u00e9tat de chaque projet. De plus, notre \u00e9quipe est toujours \u00e0 votre disposition pour vous aider \u00e0 ajuster votre portefeuille en fonction de vos besoins et de l\u2019\u00e9volution du march\u00e9.<\/p>\n<p>&nbsp;<\/p>\n<h4>Les avantages de Divikeys<\/h4>\n<p>&nbsp;<\/p>\n<p>&#8211; Rendements attractifs : Profitez de taux de rendement comp\u00e9titifs par rapport aux placements traditionnels.<\/p>\n<p>&#8211; Impact local : Contribuez au d\u00e9veloppement \u00e9conomique des Antilles en soutenant des projets locaux.<\/p>\n<p>&#8211; S\u00e9curit\u00e9 et transparence : Investissez en toute confiance gr\u00e2ce \u00e0 notre processus de s\u00e9lection rigoureux et \u00e0 notre engagement en mati\u00e8re de transparence.<\/p>\n<p>&#8211; Accompagnement personnalis\u00e9 : B\u00e9n\u00e9ficiez de l&#8217;expertise et du soutien de notre \u00e9quipe \u00e0 chaque \u00e9tape de votre investissement.<\/p>\n<p>&nbsp;<\/p>\n<p>Rejoignez Divikeys et devenez acteur du d\u00e9veloppement \u00e9conomique des Antilles tout en diversifiant votre portefeuille et en maximisant vos rendements. Ensemble, investissons dans un avenir meilleur et plus prosp\u00e8re.<\/p>\n<p>[\/et_pb_text][\/et_pb_column][\/et_pb_row][\/et_pb_section]<\/p>\n","protected":false},"excerpt":{"rendered":"<p>INVESTIR AVEC DIVIKEYS Investir avec Divikeys &nbsp; Investir avec Divikeys, c&#8217;est participer \u00e0 un mod\u00e8le novateur de financement participatif aux Antilles, con\u00e7u pour maximiser les opportunit\u00e9s tout en r\u00e9duisant les risques. Voici pourquoi et comment vous devriez envisager de nous rejoindre. &nbsp; Pourquoi investir avec nous ? &nbsp; 1.Impact positif et performance financi\u00e8re Investir avec [&hellip;]<\/p>\n","protected":false},"author":1,"featured_media":0,"parent":0,"menu_order":0,"comment_status":"closed","ping_status":"closed","template":"","meta":{"_et_pb_use_builder":"on","_et_pb_old_content":"<!-- wp:divi\/placeholder \/-->","_et_gb_content_width":"","_monsterinsights_skip_tracking":false,"_monsterinsights_sitenote_active":false,"_monsterinsights_sitenote_note":"","_monsterinsights_sitenote_category":0,"_uf_show_specific_survey":0,"_uf_disable_surveys":false,"footnotes":""},"class_list":["post-987511953","page","type-page","status-publish","hentry"],"aioseo_notices":[],"_links":{"self":[{"href":"https:\/\/divikeys.com\/index.php\/wp-json\/wp\/v2\/pages\/987511953"}],"collection":[{"href":"https:\/\/divikeys.com\/index.php\/wp-json\/wp\/v2\/pages"}],"about":[{"href":"https:\/\/divikeys.com\/index.php\/wp-json\/wp\/v2\/types\/page"}],"author":[{"embeddable":true,"href":"https:\/\/divikeys.com\/index.php\/wp-json\/wp\/v2\/users\/1"}],"replies":[{"embeddable":true,"href":"https:\/\/divikeys.com\/index.php\/wp-json\/wp\/v2\/comments?post=987511953"}],"version-history":[{"count":9,"href":"https:\/\/divikeys.com\/index.php\/wp-json\/wp\/v2\/pages\/987511953\/revisions"}],"predecessor-version":[{"id":987513093,"href":"https:\/\/divikeys.com\/index.php\/wp-json\/wp\/v2\/pages\/987511953\/revisions\/987513093"}],"wp:attachment":[{"href":"https:\/\/divikeys.com\/index.php\/wp-json\/wp\/v2\/media?parent=987511953"}],"curies":[{"name":"wp","href":"https:\/\/api.w.org\/{rel}","templated":true}]}}