{"id":987511993,"date":"2024-06-05T02:07:29","date_gmt":"2024-06-05T01:07:29","guid":{"rendered":"https:\/\/divikeys.com\/?page_id=987511993"},"modified":"2024-07-30T04:21:03","modified_gmt":"2024-07-30T03:21:03","slug":"procedure-de-selection","status":"publish","type":"page","link":"https:\/\/divikeys.com\/index.php\/procedure-de-selection\/","title":{"rendered":"Proc\u00e9dure de S\u00e9lection"},"content":{"rendered":"<p>[et_pb_section fb_built=&#8221;1&#8243; _builder_version=&#8221;4.25.1&#8243; _module_preset=&#8221;default&#8221; custom_margin=&#8221;||-2px|||&#8221; custom_padding=&#8221;||6px|||&#8221; global_colors_info=&#8221;{}&#8221;][\/et_pb_section][et_pb_section fb_built=&#8221;1&#8243; _builder_version=&#8221;4.27.0&#8243; _module_preset=&#8221;default&#8221; custom_margin=&#8221;50px||||false|false&#8221; custom_padding=&#8221;6px|||||&#8221; hover_enabled=&#8221;0&#8243; global_colors_info=&#8221;{}&#8221; sticky_enabled=&#8221;0&#8243;][et_pb_row _builder_version=&#8221;4.25.1&#8243; _module_preset=&#8221;default&#8221; global_colors_info=&#8221;{}&#8221;][et_pb_column type=&#8221;4_4&#8243; _builder_version=&#8221;4.25.1&#8243; _module_preset=&#8221;default&#8221; global_colors_info=&#8221;{}&#8221;][et_pb_text _builder_version=&#8221;4.27.0&#8243; _module_preset=&#8221;default&#8221; hover_enabled=&#8221;0&#8243; global_colors_info=&#8221;{}&#8221; header_font=&#8221;Lato|900||on|||||&#8221; header_text_color=&#8221;#032175&#8243; sticky_enabled=&#8221;0&#8243;]<\/p>\n<h1>Proc<strong>\u00e9<\/strong>dure de Selection<\/h1>\n<p>[\/et_pb_text][et_pb_text _builder_version=&#8221;4.27.0&#8243; _module_preset=&#8221;default&#8221; hover_enabled=&#8221;0&#8243; global_colors_info=&#8221;{}&#8221; header_4_font=&#8221;Lato|900|||||||&#8221; header_4_text_color=&#8221;#032175&#8243; header_4_letter_spacing=&#8221;1px&#8221; header_4_font_size=&#8221;20px&#8221; sticky_enabled=&#8221;0&#8243; header_3_font=&#8221;Lato|700|||||||&#8221; header_3_text_color=&#8221;#032175&#8243; header_5_font=&#8221;Lato|700|||||||&#8221; header_5_text_color=&#8221;#032175&#8243;]<\/p>\n<h3><strong>Proc\u00e9dure de S\u00e9lection avec Divikeys<\/strong><\/h3>\n<p><strong><\/strong><\/p>\n<h5>Chez Divikeys, nous nous engageons \u00e0 soutenir les projets les plus prometteurs en offrant une proc\u00e9dure de s\u00e9lection rigoureuse et transparente. Notre objectif est de garantir que chaque projet financ\u00e9 sur notre plateforme a le potentiel de r\u00e9ussir et de fournir des rendements attractifs aux investisseurs. Voici un aper\u00e7u de notre proc\u00e9dure de s\u00e9lection.<\/h5>\n<p>&nbsp;<\/p>\n<p>&nbsp;<\/p>\n<h3>1.Soumission du Dossier<\/h3>\n<p>&nbsp;<\/p>\n<h5><strong>Cr\u00e9ation de Compte et Soumission Initiale<\/strong><\/h5>\n<p><strong><\/strong><\/p>\n<p>Les porteurs de projet doivent d&#8217;abord cr\u00e9er un compte sur la plateforme Divikeys. Une fois le compte cr\u00e9\u00e9, ils peuvent soumettre leur dossier de financement en remplissant le formulaire de soumission en ligne et en t\u00e9l\u00e9chargeant les documents requis, tels que le business plan, les \u00e9tats financiers, et la pr\u00e9sentation d\u00e9taill\u00e9e du projet.<\/p>\n<p>&nbsp;<\/p>\n<h5><strong>V\u00e9rification Pr\u00e9liminaire<\/strong><\/h5>\n<p>Apr\u00e8s la soumission initiale, notre \u00e9quipe proc\u00e8de \u00e0 une v\u00e9rification pr\u00e9liminaire pour s&#8217;assurer que toutes les informations et documents n\u00e9cessaires sont fournis. Cette \u00e9tape vise \u00e0 garantir que le dossier est complet et pr\u00eat pour une \u00e9valuation approfondie.<\/p>\n<h4><\/h4>\n<h4><\/h4>\n<h4><\/h4>\n<h4>2.\u00c9valuation Initiale<\/h4>\n<p>&nbsp;<\/p>\n<h5><strong>Analyse de Viabilit\u00e9<\/strong><\/h5>\n<p>Notre \u00e9quipe d&#8217;experts en finance et en gestion analyse la viabilit\u00e9 financi\u00e8re du projet. Cette analyse comprend l&#8217;\u00e9valuation des pr\u00e9visions financi\u00e8res, des flux de tr\u00e9sorerie, et de la rentabilit\u00e9 projet\u00e9e. Nous examinons \u00e9galement la solidit\u00e9 du mod\u00e8le \u00e9conomique et la capacit\u00e9 du projet \u00e0 g\u00e9n\u00e9rer des revenus durables.<\/p>\n<h5><strong>\u00c9valuation des Risques<\/strong><\/h5>\n<p>Nous proc\u00e9dons \u00e0 une \u00e9valuation des risques associ\u00e9s au projet. Cela inclut l&#8217;analyse des risques financiers, op\u00e9rationnels, et de march\u00e9. Nous identifions les principaux risques et \u00e9valuons les plans de gestion des risques mis en place par les porteurs de projet.<\/p>\n<p><strong style=\"font-size: 14px;\"><\/strong><\/p>\n<p><strong style=\"font-size: 14px;\"><\/strong><\/p>\n<h4>3.Entretien avec les Porteurs de Projet<\/h4>\n<p><strong style=\"font-size: 14px;\"><\/strong><\/p>\n<h5><strong>Pr\u00e9sentation et Questions-R\u00e9ponses<\/strong><\/h5>\n<p>Les porteurs de projet sont invit\u00e9s \u00e0 une pr\u00e9sentation en ligne ou en personne avec notre \u00e9quipe de s\u00e9lection. Durant cette pr\u00e9sentation, ils d\u00e9taillent leur projet, leurs objectifs, et r\u00e9pondent aux questions de notre \u00e9quipe. Cette interaction directe nous permet de mieux comprendre le projet et d&#8217;\u00e9valuer la comp\u00e9tence et l&#8217;engagement de l&#8217;\u00e9quipe dirigeante\u200b.<\/p>\n<h5><strong>\u00c9valuation de l&#8217;\u00c9quipe<\/strong><\/h5>\n<p>L&#8217;\u00e9quipe de Divikeys \u00e9value \u00e9galement les comp\u00e9tences et l&#8217;exp\u00e9rience de l&#8217;\u00e9quipe dirigeante du projet. Une \u00e9quipe comp\u00e9tente et exp\u00e9riment\u00e9e est un indicateur cl\u00e9 de succ\u00e8s. Nous analysons les ant\u00e9c\u00e9dents professionnels, les r\u00e9alisations pass\u00e9es, et la capacit\u00e9 de l&#8217;\u00e9quipe \u00e0 mener le projet \u00e0 terme.<\/p>\n<p>&nbsp;<\/p>\n<p>&nbsp;<\/p>\n<h4>4.S\u00e9lection Finale<\/h4>\n<p><strong style=\"font-size: 14px;\"><\/strong><\/p>\n<h5><strong>Crit\u00e8res de S\u00e9lection<\/strong><\/h5>\n<p>Les crit\u00e8res de s\u00e9lection de Divikeys incluent la viabilit\u00e9 financi\u00e8re, le potentiel de croissance, la gestion des risques, et la comp\u00e9tence de l&#8217;\u00e9quipe dirigeante. Chaque projet est not\u00e9 selon ces crit\u00e8res pour garantir une \u00e9valuation objective et \u00e9quitable.<\/p>\n<h5><strong>D\u00e9cision de S\u00e9lection<\/strong><\/h5>\n<p>Apr\u00e8s l&#8217;\u00e9valuation compl\u00e8te, notre comit\u00e9 de s\u00e9lection prend la d\u00e9cision finale sur l&#8217;acceptation du projet. Les porteurs de projet sont inform\u00e9s de la d\u00e9cision, et les projets s\u00e9lectionn\u00e9s passent \u00e0 la phase de pr\u00e9paration de la campagne de financement.<\/p>\n<p>&nbsp;<\/p>\n<p>&nbsp;<\/p>\n<h4>5.Pr\u00e9paration et Lancement de la Campagne<\/h4>\n<p><strong style=\"font-size: 14px;\"><\/strong><\/p>\n<h5><strong>D\u00e9veloppement de la Campagne<\/strong><\/h5>\n<p>Pour les projets s\u00e9lectionn\u00e9s, nous collaborons avec les porteurs de projet pour d\u00e9velopper une strat\u00e9gie de campagne efficace. Cela inclut la cr\u00e9ation de supports marketing, la d\u00e9finition des objectifs de collecte, et la planification des actions de communication.<\/p>\n<h5><strong>Mise en Ligne et Suivi<\/strong><\/h5>\n<p>Une fois la campagne pr\u00eate, elle est mise en ligne sur la plateforme Divikeys. Les porteurs de projet peuvent suivre les contributions des investisseurs en temps r\u00e9el et ajuster leur strat\u00e9gie en fonction des retours re\u00e7us.<\/p>\n<p>&nbsp;<\/p>\n<p>&nbsp;<\/p>\n<h4><strong>Conclusion<\/strong><\/h4>\n<p>La proc\u00e9dure de s\u00e9lection de Divikeys est con\u00e7ue pour identifier et soutenir les projets les plus prometteurs. En suivant une \u00e9valuation rigoureuse et en offrant un accompagnement personnalis\u00e9, nous visons \u00e0 garantir le succ\u00e8s des campagnes de financement et \u00e0 maximiser les rendements pour les investisseurs.<\/p>\n<p>Pour plus d&#8217;informations sur notre proc\u00e9dure de s\u00e9lection ou pour soumettre votre dossier, visitez notre <a href=\"https:\/\/www.divikeys.com\">page d&#8217;accueil<\/a> ou <a href=\"https:\/\/divikeys.com\/index.php\/nous-contacter\/\">contactez<\/a> notre service client.<\/p>\n<p>[\/et_pb_text][\/et_pb_column][\/et_pb_row][\/et_pb_section]<\/p>\n","protected":false},"excerpt":{"rendered":"<p>Proc\u00e9dure de SelectionProc\u00e9dure de S\u00e9lection avec Divikeys Chez Divikeys, nous nous engageons \u00e0 soutenir les projets les plus prometteurs en offrant une proc\u00e9dure de s\u00e9lection rigoureuse et transparente. Notre objectif est de garantir que chaque projet financ\u00e9 sur notre plateforme a le potentiel de r\u00e9ussir et de fournir des rendements attractifs aux investisseurs. Voici un [&hellip;]<\/p>\n","protected":false},"author":1,"featured_media":0,"parent":0,"menu_order":0,"comment_status":"closed","ping_status":"closed","template":"","meta":{"_et_pb_use_builder":"on","_et_pb_old_content":"<!-- wp:divi\/placeholder \/-->","_et_gb_content_width":"","_monsterinsights_skip_tracking":false,"_monsterinsights_sitenote_active":false,"_monsterinsights_sitenote_note":"","_monsterinsights_sitenote_category":0,"_uf_show_specific_survey":0,"_uf_disable_surveys":false,"footnotes":""},"class_list":["post-987511993","page","type-page","status-publish","hentry"],"aioseo_notices":[],"_links":{"self":[{"href":"https:\/\/divikeys.com\/index.php\/wp-json\/wp\/v2\/pages\/987511993"}],"collection":[{"href":"https:\/\/divikeys.com\/index.php\/wp-json\/wp\/v2\/pages"}],"about":[{"href":"https:\/\/divikeys.com\/index.php\/wp-json\/wp\/v2\/types\/page"}],"author":[{"embeddable":true,"href":"https:\/\/divikeys.com\/index.php\/wp-json\/wp\/v2\/users\/1"}],"replies":[{"embeddable":true,"href":"https:\/\/divikeys.com\/index.php\/wp-json\/wp\/v2\/comments?post=987511993"}],"version-history":[{"count":7,"href":"https:\/\/divikeys.com\/index.php\/wp-json\/wp\/v2\/pages\/987511993\/revisions"}],"predecessor-version":[{"id":987513073,"href":"https:\/\/divikeys.com\/index.php\/wp-json\/wp\/v2\/pages\/987511993\/revisions\/987513073"}],"wp:attachment":[{"href":"https:\/\/divikeys.com\/index.php\/wp-json\/wp\/v2\/media?parent=987511993"}],"curies":[{"name":"wp","href":"https:\/\/api.w.org\/{rel}","templated":true}]}}