{"id":987512019,"date":"2024-06-05T01:48:55","date_gmt":"2024-06-05T00:48:55","guid":{"rendered":"https:\/\/divikeys.com\/?page_id=987512019"},"modified":"2024-07-26T02:33:13","modified_gmt":"2024-07-26T01:33:13","slug":"nous-contacter","status":"publish","type":"page","link":"https:\/\/divikeys.com\/index.php\/nous-contacter\/","title":{"rendered":"Nous Contacter"},"content":{"rendered":"<p>[et_pb_section fb_built=&#8221;1&#8243; _builder_version=&#8221;4.25.1&#8243; _module_preset=&#8221;default&#8221; width=&#8221;100%&#8221; min_height=&#8221;100px&#8221; height=&#8221;194px&#8221; custom_padding=&#8221;||82px|||&#8221; global_colors_info=&#8221;{}&#8221;][\/et_pb_section][et_pb_section fb_built=&#8221;1&#8243; _builder_version=&#8221;4.25.1&#8243; _module_preset=&#8221;default&#8221; global_colors_info=&#8221;{}&#8221;][et_pb_row _builder_version=&#8221;4.25.1&#8243; _module_preset=&#8221;default&#8221; global_colors_info=&#8221;{}&#8221;][et_pb_column type=&#8221;4_4&#8243; _builder_version=&#8221;4.25.1&#8243; _module_preset=&#8221;default&#8221; global_colors_info=&#8221;{}&#8221;][et_pb_heading title=&#8221;Chez Divikeys, nous attachons une grande importance \u00e0 l&#8217;accompagnement de nos utilisateurs, qu&#8217;ils soient porteurs de projet ou investisseurs. N&#8217;h\u00e9sitez pas \u00e0 nous solliciter pour toute question !&#8221; _builder_version=&#8221;4.27.0&#8243; _module_preset=&#8221;default&#8221; title_font=&#8221;Lato|700||on|||||&#8221; title_text_color=&#8221;#032175&#8243; title_text_align=&#8221;center&#8221; title_line_height=&#8221;1.3em&#8221; hover_enabled=&#8221;0&#8243; sticky_enabled=&#8221;0&#8243;][\/et_pb_heading][et_pb_text _builder_version=&#8221;4.27.0&#8243; _module_preset=&#8221;default&#8221; text_text_color=&#8221;#000000&#8243; hover_enabled=&#8221;0&#8243; global_colors_info=&#8221;{}&#8221; text_font=&#8221;Lato||||||||&#8221; header_4_font=&#8221;Lato|700||on|||||&#8221; header_4_text_color=&#8221;#032175&#8243; sticky_enabled=&#8221;0&#8243;]<\/p>\n<p>&nbsp;<\/p>\n<h4><strong>Une \u00e9quipe d&#8217;experts d\u00e9di\u00e9e<\/strong><\/h4>\n<p>Notre service client est compos\u00e9 d&#8217;une \u00e9quipe pluridisciplinaire d&#8217;experts, \u00e0 m\u00eame de vous guider dans vos d\u00e9marches sur la plateforme :<\/p>\n<p>&#8211; Conseillers financiers<br \/>&#8211; Juristes sp\u00e9cialis\u00e9s<br \/>&#8211; D\u00e9veloppeurs techniques<br \/>&#8211; Charg\u00e9s de communication<\/p>\n<h4><strong>Par mail<\/strong><\/h4>\n<p>Pour toute demande d&#8217;information g\u00e9n\u00e9rale ou question relative \u00e0 un projet\/investissement en particulier, vous pouvez nous \u00e9crire \u00e0 contact@divikeys.com<\/p>\n<h4><strong>Par formulaire<\/strong><\/h4>\n<p>Vous pouvez \u00e9galement nous faire part de votre demande via notre formulaire de contact en ligne. Un membre de notre \u00e9quipe vous r\u00e9pondra dans les plus brefs d\u00e9lais.<\/p>\n<p>&nbsp;<\/p>\n<h4><strong>Notre engagement :<\/strong><\/h4>\n<p>Vous apporter une r\u00e9ponse claire et personnalis\u00e9e dans un d\u00e9lai de 48h maximum \u00e0 compter de votre premi\u00e8re sollicitation.<\/p>\n<p>N&#8217;h\u00e9sitez plus, faites-nous part de vos questionnements ! Votre r\u00e9ussite et votre satisfaction sont notre priorit\u00e9.<\/p>\n<p>[\/et_pb_text][et_pb_contact_form _builder_version=&#8221;4.27.0&#8243; _module_preset=&#8221;default&#8221; _unique_id=&#8221;6958b091-7d5b-4dd9-b6bf-ba5428ccdc51&#8243; form_field_background_color=&#8221;#032175&#8243; hover_enabled=&#8221;0&#8243; global_colors_info=&#8221;{}&#8221; sticky_enabled=&#8221;0&#8243; background_image=&#8221;http:\/\/divikeys.com\/wp-content\/uploads\/2023\/08\/investment-banking-1536&#215;926-1.jpeg&#8221; captcha_text_color=&#8221;#000000&#8243; captcha_font_size=&#8221;23px&#8221; captcha_font=&#8221;|800|||||||&#8221; custom_button=&#8221;on&#8221; button_text_color=&#8221;#032175&#8243; button_border_width=&#8221;0px&#8221; box_shadow_style_button=&#8221;preset3&#8243; box_shadow_horizontal_button=&#8221;1px&#8221; box_shadow_blur_button=&#8221;0px&#8221; box_shadow_spread_button=&#8221;-8px&#8221; box_shadow_color_button=&#8221;#032175&#8243; button_text_size=&#8221;23px&#8221; use_spam_service=&#8221;on&#8221; recaptcha_list=&#8221;add_new_account&#8221; recaptcha_site_key=&#8221;6LeQrBgqAAAAALOnKh8HUdsUcx8YO4TKSZAjY1L8&#8243; recaptcha_secret_key=&#8221;6LeQrBgqAAAAAIgEhDsBbkESHPu8GYW9nkF7NBdx&#8221; recaptcha_account_name=&#8221;divikeys&#8221;][et_pb_contact_field field_id=&#8221;Name&#8221; field_title=&#8221;Name&#8221; _builder_version=&#8221;4.27.0&#8243; hover_enabled=&#8221;0&#8243; global_colors_info=&#8221;{}&#8221; button_text_size__hover_enabled=&#8221;off&#8221; button_one_text_size__hover_enabled=&#8221;off&#8221; button_two_text_size__hover_enabled=&#8221;off&#8221; button_text_color__hover_enabled=&#8221;off&#8221; button_one_text_color__hover_enabled=&#8221;off&#8221; button_two_text_color__hover_enabled=&#8221;off&#8221; button_border_width__hover_enabled=&#8221;off&#8221; button_one_border_width__hover_enabled=&#8221;off&#8221; button_two_border_width__hover_enabled=&#8221;off&#8221; button_border_color__hover_enabled=&#8221;off&#8221; button_one_border_color__hover_enabled=&#8221;off&#8221; button_two_border_color__hover_enabled=&#8221;off&#8221; button_border_radius__hover_enabled=&#8221;off&#8221; button_one_border_radius__hover_enabled=&#8221;off&#8221; button_two_border_radius__hover_enabled=&#8221;off&#8221; button_letter_spacing__hover_enabled=&#8221;off&#8221; button_one_letter_spacing__hover_enabled=&#8221;off&#8221; button_two_letter_spacing__hover_enabled=&#8221;off&#8221; button_bg_color__hover_enabled=&#8221;off&#8221; button_one_bg_color__hover_enabled=&#8221;off&#8221; button_two_bg_color__hover_enabled=&#8221;off&#8221; form_field_text_color=&#8221;#FFFFFF&#8221; sticky_enabled=&#8221;0&#8243;][\/et_pb_contact_field][et_pb_contact_field field_id=&#8221;last&#8221; field_title=&#8221;Last name&#8221; _builder_version=&#8221;4.27.0&#8243; _module_preset=&#8221;default&#8221; hover_enabled=&#8221;0&#8243; global_colors_info=&#8221;{}&#8221; form_field_text_color=&#8221;#FFFFFF&#8221; sticky_enabled=&#8221;0&#8243;][\/et_pb_contact_field][et_pb_contact_field field_id=&#8221;Email&#8221; field_title=&#8221;Email Address&#8221; field_type=&#8221;email&#8221; _builder_version=&#8221;4.27.0&#8243; hover_enabled=&#8221;0&#8243; global_colors_info=&#8221;{}&#8221; button_text_size__hover_enabled=&#8221;off&#8221; button_one_text_size__hover_enabled=&#8221;off&#8221; button_two_text_size__hover_enabled=&#8221;off&#8221; button_text_color__hover_enabled=&#8221;off&#8221; button_one_text_color__hover_enabled=&#8221;off&#8221; button_two_text_color__hover_enabled=&#8221;off&#8221; button_border_width__hover_enabled=&#8221;off&#8221; button_one_border_width__hover_enabled=&#8221;off&#8221; button_two_border_width__hover_enabled=&#8221;off&#8221; button_border_color__hover_enabled=&#8221;off&#8221; button_one_border_color__hover_enabled=&#8221;off&#8221; button_two_border_color__hover_enabled=&#8221;off&#8221; button_border_radius__hover_enabled=&#8221;off&#8221; button_one_border_radius__hover_enabled=&#8221;off&#8221; button_two_border_radius__hover_enabled=&#8221;off&#8221; button_letter_spacing__hover_enabled=&#8221;off&#8221; button_one_letter_spacing__hover_enabled=&#8221;off&#8221; button_two_letter_spacing__hover_enabled=&#8221;off&#8221; button_bg_color__hover_enabled=&#8221;off&#8221; button_one_bg_color__hover_enabled=&#8221;off&#8221; button_two_bg_color__hover_enabled=&#8221;off&#8221; form_field_text_color=&#8221;#FFFFFF&#8221; sticky_enabled=&#8221;0&#8243;][\/et_pb_contact_field][et_pb_contact_field field_id=&#8221;Phone_number&#8221; field_title=&#8221;Phone number&#8221; _builder_version=&#8221;4.27.0&#8243; _module_preset=&#8221;default&#8221; hover_enabled=&#8221;0&#8243; global_colors_info=&#8221;{}&#8221; form_field_text_color=&#8221;#FFFFFF&#8221; sticky_enabled=&#8221;0&#8243;][\/et_pb_contact_field][et_pb_contact_field field_id=&#8221;Message&#8221; field_title=&#8221;Message&#8221; field_type=&#8221;text&#8221; fullwidth_field=&#8221;on&#8221; _builder_version=&#8221;4.27.0&#8243; hover_enabled=&#8221;0&#8243; global_colors_info=&#8221;{}&#8221; button_text_size__hover_enabled=&#8221;off&#8221; button_one_text_size__hover_enabled=&#8221;off&#8221; button_two_text_size__hover_enabled=&#8221;off&#8221; button_text_color__hover_enabled=&#8221;off&#8221; button_one_text_color__hover_enabled=&#8221;off&#8221; button_two_text_color__hover_enabled=&#8221;off&#8221; button_border_width__hover_enabled=&#8221;off&#8221; button_one_border_width__hover_enabled=&#8221;off&#8221; button_two_border_width__hover_enabled=&#8221;off&#8221; button_border_color__hover_enabled=&#8221;off&#8221; button_one_border_color__hover_enabled=&#8221;off&#8221; button_two_border_color__hover_enabled=&#8221;off&#8221; button_border_radius__hover_enabled=&#8221;off&#8221; button_one_border_radius__hover_enabled=&#8221;off&#8221; button_two_border_radius__hover_enabled=&#8221;off&#8221; button_letter_spacing__hover_enabled=&#8221;off&#8221; button_one_letter_spacing__hover_enabled=&#8221;off&#8221; button_two_letter_spacing__hover_enabled=&#8221;off&#8221; button_bg_color__hover_enabled=&#8221;off&#8221; button_one_bg_color__hover_enabled=&#8221;off&#8221; button_two_bg_color__hover_enabled=&#8221;off&#8221; form_field_text_color=&#8221;#FFFFFF&#8221; sticky_enabled=&#8221;0&#8243;][\/et_pb_contact_field][\/et_pb_contact_form][\/et_pb_column][\/et_pb_row][\/et_pb_section]<\/p>\n","protected":false},"excerpt":{"rendered":"<p>Dites bonjour et connectez-vous avec nous pour rester inform\u00e9 des derni\u00e8res opportunit\u00e9s dans la r\u00e9gion des Cara\u00efbes. Contactez-nous pour faire partie du voyage financier innovant!<\/p>\n","protected":false},"author":1,"featured_media":987511924,"parent":0,"menu_order":0,"comment_status":"closed","ping_status":"closed","template":"","meta":{"_et_pb_use_builder":"on","_et_pb_old_content":"<!-- wp:divi\/placeholder \/-->","_et_gb_content_width":"","_monsterinsights_skip_tracking":false,"_monsterinsights_sitenote_active":false,"_monsterinsights_sitenote_note":"","_monsterinsights_sitenote_category":0,"_uf_show_specific_survey":0,"_uf_disable_surveys":false,"footnotes":""},"class_list":["post-987512019","page","type-page","status-publish","has-post-thumbnail","hentry"],"aioseo_notices":[],"_links":{"self":[{"href":"https:\/\/divikeys.com\/index.php\/wp-json\/wp\/v2\/pages\/987512019"}],"collection":[{"href":"https:\/\/divikeys.com\/index.php\/wp-json\/wp\/v2\/pages"}],"about":[{"href":"https:\/\/divikeys.com\/index.php\/wp-json\/wp\/v2\/types\/page"}],"author":[{"embeddable":true,"href":"https:\/\/divikeys.com\/index.php\/wp-json\/wp\/v2\/users\/1"}],"replies":[{"embeddable":true,"href":"https:\/\/divikeys.com\/index.php\/wp-json\/wp\/v2\/comments?post=987512019"}],"version-history":[{"count":12,"href":"https:\/\/divikeys.com\/index.php\/wp-json\/wp\/v2\/pages\/987512019\/revisions"}],"predecessor-version":[{"id":987513004,"href":"https:\/\/divikeys.com\/index.php\/wp-json\/wp\/v2\/pages\/987512019\/revisions\/987513004"}],"wp:featuredmedia":[{"embeddable":true,"href":"https:\/\/divikeys.com\/index.php\/wp-json\/wp\/v2\/media\/987511924"}],"wp:attachment":[{"href":"https:\/\/divikeys.com\/index.php\/wp-json\/wp\/v2\/media?parent=987512019"}],"curies":[{"name":"wp","href":"https:\/\/api.w.org\/{rel}","templated":true}]}}